uppose 2*k - 105 + 29 = 0. Suppose k = 6*l + 32. What is the remainder when 8 is divided by l/1 - 20/(-4)?
2
Suppose -4*s + 55 = 3*i - 2*s, -i - 5*s = -27. Let l(q) = q**3 + 149*q**2 + 156*q + 1198. What is the remainder when i is divided by l(-148)?
3
Let c(t) = 4*t + 50. Let x be c(-12). Calculate the remainder when (-2040)/(-14) - (-3)/21*x is divided by 37.
35
Let z = 24523 + -24487. Calculate the remainder when 2209 is divided by z.
13
Let z = -8 + 11. Let f(p) = -80*p**2 - 2*p + 76*p**2 - 9 - 8 + p**z. What is the remainder when f(7) is divided by 34?
14
What is the remainder when 3 - (-12 - -4) - 17 - -381 is divided by 59?
21
Let a(s) = s**2 - s + 332. What is the remainder when a(0) is divided by (-20)/(-70)*(-17)/(17/(-84))?
20
Let q = 47 - 23. Let w(a) = -a**2 + 2*a - 145. Let v(y) = 3*y**2 - 5*y + 436. Let i(l) = -2*v(l) - 7*w(l). What is the remainder when i(0) is divided by q?
23
Suppose -5*a + 32 + 28 = 5*u, 0 = 5*a - 20. Calculate the remainder when 72 is divided by u.
0
Let l(c) = c**3 - 16*c**2 - 60*c - 56. What is the remainder when 348 is divided by l(20)?
4
Suppose 2*k + 0 = 2. Let o be (-1 + k - -4)*165/(-1). Calculate the remainder when 14 is divided by o/(-40)*2/3.
3
Suppose 10*u - 522 = 38. Let s = u + 51. What is the remainder when s is divided by 38?
31
Let x = -33 + 30. Let l(k) = k**2 + 2*k. Let s be l(x). Suppose s*b = 40 + 5. Calculate the remainder when 27 is divided by b.
12
What is the remainder when -4*(-15)/(-20)*-1503 + -6 is divided by 82?
75
Let d(y) = y**2 - y. Let h be d(0). Let q = 9 - h. What is the remainder when q is divided by 59/19 + (-1078)/10241?
0
Let x be (-104)/91 + (-24)/(-21). Suppose -29*y + 381 + 257 = x. What is the remainder when 80 is divided by y?
14
Suppose -d - 3*p = -110, -5*p = 3*d - 63 - 267. Suppose 14*c + d = 404. What is the remainder when 39 is divided by c?
18
Let k be 11 + 69 + 6/(-3). Let x = k + -38. Suppose 3*u = -f + 43, f = -2*f - 6. What is the remainder when x is divided by u?
10
Suppose 4*p + p = 650. Suppose 4*u - 6*y = -2*y + 104, 5*u - 4*y = p. What is the remainder when 84 is divided by u?
6
Suppose -46*x + 4*v = -42*x - 716, 2*x = 5*v + 346. Suppose 33*n = 28*n + 185. What is the remainder when x is divided by n?
35
Let y(a) = -2*a**2 + 3*a**2 + 0*a**2 + 3*a**3 - 4*a**3. Let j = 13 + -8. What is the remainder when y(-2) is divided by j?
2
Let m = 2 - -27. Let p(z) = 2*z**2 - 12*z - 28. Let h be p(-2). Let d(j) = 36*j. What is the remainder when d(h) is divided by m?
28
Suppose -8184 = -5*w + 3*p, -159*p + 157*p = -4*w + 6548. What is the remainder when w is divided by 97?
86
Suppose 4*l - 922 + 454 = -3*w, -5*w = 3*l - 340. Calculate the remainder when 597 is divided by l.
117
Suppose 642*n = 647*n - 20. Suppose n*z - 1196 = -19*z. Calculate the remainder when z is divided by 2 - (-1 - 2)*1.
2
Suppose 18*l + 158 = -40. Calculate the remainder when (-2)/6 + l/3 + 282 is divided by 73.
59
Let a(w) = -67*w**2 - 4*w + 4*w - 49 - 2*w**3 + 0*w**3 - 2*w - 21*w**2. Calculate the remainder when 154 is divided by a(-44).
37
Let g = -2 - -25. Let w = -185 - -267. Let y = 8 + w. Calculate the remainder when y is divided by g.
21
Suppose 7*j + c = 3*j + 556, 0 = -c - 4. Calculate the remainder when (-7)/(j/248)*5/(-2) is divided by 19.
12
Let z be (-5 - -4 - -1)/(-1 + 0). Suppose i + 315 = 5*v - i, i = -5. What is the remainder when 2 + z + -1 + v + 0 is divided by 23?
16
Suppose -4*x + 6*u + 13028 = 8*u, 0 = -4*x + u + 13016. What is the remainder when x is divided by 88?
87
Let l = -53 + 57. Suppose -t - l = 1. What is the remainder when 1570/50 + 2/t is divided by 8?
7
Let s(w) = -w**2 + 16*w + 4. Let l be s(16). Suppose -l*q - 4*n + 8*n + 36 = 0, 0 = 3*n + 9. What is the remainder when q is divided by 4?
2
Let p = -127 - -244. Calculate the remainder when p is divided by (-1)/((-56)/488)*7.
56
Let i(d) = -15*d + 93. Let g(o) = -8*o + 47. Let p(n) = 5*g(n) - 3*i(n). Let v be -6*7*((-12)/9 - -6 - 5). Calculate the remainder when p(v) is divided by 7.
5
Suppose 3*q = -w + 4*w - 780, -3*w = 4*q - 780. What is the remainder when 1078 is divided by w?
38
Let i(z) = 8*z**2 + 25*z + 155. What is the remainder when i(-6) is divided by 76?
65
Suppose -1388 + 992 = -12*n. Suppose -120 = -27*j - n*j. Calculate the remainder when j is divided by (0 + 2/(-2))/(-1).
0
Suppose -3*l + 8*l = 150. What is the remainder when 1/(5 - 8/(-472) - 5) is divided by l?
29
Let b = -9583 - -9633. What is the remainder when 2348 is divided by b?
48
Suppose -8*h - 22439 = 23641. Let y be (1/(-2))/(12/h). Suppose 27*k - 22*k = y. What is the remainder when k is divided by 13?
9
Let o(l) = 127*l - 3. Suppose -4*d + 38 = -23*u + 26*u, 2*u - 25 = -3*d. What is the remainder when o(1) is divided by u?
12
Let q(c) = c**2 + 31*c + 104. Let b be q(-4). What is the remainder when 14/b*(-104)/91 - -43 is divided by 20?
7
Let m(v) = -v + 55. Let w be m(-13). Let r = -35 + w. Calculate the remainder when r is divided by ((-221)/26)/(1/(-2)).
16
Suppose -11*x + 113 + 74 = 0. What is the remainder when 6389 is divided by x?
14
Suppose -23318 = -155*y + 46742. What is the remainder when y is divided by 24?
20
Let d = 886 + 1234. Suppose 24*x = 3568 + d. What is the remainder when x is divided by 12?
9
Let j(t) = -t**2 + t + 48. Let w be j(7). What is the remainder when 83 is divided by -36*(-12)/(-3)*w/(-36)?
11
Let m = 255963 - 255534. Suppose -3*j + 166 = -3*l + 1, 5*l - 157 = -3*j. Calculate the remainder when m is divided by j.
51
Let w = -149 + 229. Suppose 8*f + 624 = -16*f. Let c = f + w. Calculate the remainder when c is divided by 19.
16
Suppose 49*w - 7800 = -2067. Calculate the remainder when 1176 is divided by w.
6
Let c = -261 + 344. Suppose 11 + c = w. Calculate the remainder when w is divided by 24.
22
Suppose 4*d - 352 = -4*g, -26 + 333 = 4*d - g. What is the remainder when 237 is divided by d?
0
Suppose 8*r - 76*r + 4947 + 6749 = 0. What is the remainder when 536 is divided by r?
20
Let u = 781 + -769. Calculate the remainder when 1894 is divided by u.
10
Let p = 23 - -235. Suppose 0 = 9*t - 375 + p. Calculate the remainder when 63 is divided by t.
11
Let n(b) = 4*b**2 + 68. Suppose 0*s + 0*s - 2*s = 0. Calculate the remainder when 131 is divided by n(s).
63
Let h be 2 + -4 + 42/6. Suppose h*w + 2*y - 77 = 0, 3*y = -5*w + 8*y + 70. Calculate the remainder when 26 is divided by w.
11
Let s(r) = -r - 33. Let c be s(-24). Let z = c - -206. Let g(d) = 5*d**3 + 3*d**2 - 2. Calculate the remainder when z is divided by g(2).
47
Suppose 2*y = -p + 6, -2*p + 7 = -0*y - y. Suppose -n = -y + 3, 37 = l - 2*n. Calculate the remainder when 128 is divided by l.
29
Let b = -10501 + 11157. What is the remainder when b is divided by 199?
59
Suppose 3*b + 389 - 974 = 0. What is the remainder when b is divided by 161?
34
Suppose 0 = -5*t - 3*v - 11, -5*t = -3*t - 2*v + 14. Let q be (-402)/(-51) - t/34. Suppose 0 = -q*g - 0*g + 424. What is the remainder when g is divided by 11?
9
Suppose -2056 = -2*u - 5*w, -w + 3*w + 1046 = u. Calculate the remainder when u is divided by 8.
6
Suppose -2*f + 234 = -368. Suppose -2*p - p + c + f = 0, -2*p + 212 = 5*c. Calculate the remainder when p is divided by 18.
11
Suppose 17 - 7 = 5*h. Suppose -3*x + 4*d = -25 - 33, 2*x - 6*d = -8. Calculate the remainder when x is divided by h.
0
Let p(y) = 28*y + 91. Let c be p(-3). Calculate the remainder when 45 is divided by c*12*26/91.
21
Let g = 1067 - 923. Suppose -397*l - 150 = -399*l. What is the remainder when g is divided by l?
69
Suppose -18 = -29*j + 26*j. Let q be (0 + 3/j)/(2/(-24)). Let u = -1 - q. What is the remainder when 9 is divided by u?
4
Let z(n) = n**3 + 13*n**2 - 18*n - 2. Let l = -283 - -273. What is the remainder when z(l) is divided by 37?
34
Let g be -1*5 + 24/12. Let p(m) = 6*m - 20. Let x be p(g). What is the remainder when 44 is divided by x/(-57) - 92/(-6)?
12
Calculate the remainder when (2 - (-63 - 0))*(-8453)/(-395) is divided by 45.
41
Calculate the remainder when 3 + -3 + -1 + (-39)/26*-118 is divided by ((-81)/12)/(1/(-12)).
14
Suppose -3*d - 578 = -8*d - 3*c, 5*c = -2*d + 216. Calculate the remainder when d is divided by 2.
0
Let r = 5940 + -10655. What is the remainder when ((-6)/10)/(41/r) is divide